ors of 22587.
3, 7529
List the prime factors of 17134.
2, 13, 659
List the prime factors of 92019.
3, 37, 829
What are the prime factors of 2437?
2437
List the prime factors of 14661.
3, 181
What are the prime factors of 1702?
2, 23, 37
List the prime factors of 70452.
2, 3, 19, 103
List the prime factors of 1688.
2, 211
List the prime factors of 310.
2, 5, 31
What are the prime factors of 66422?
2, 33211
What are the prime factors of 76377?
3, 7, 3637
What are the prime factors of 3972?
2, 3, 331
List the prime factors of 5286.
2, 3, 881
List the prime factors of 6617.
13, 509
What are the prime factors of 1692?
2, 3, 47
What are the prime factors of 5950?
2, 5, 7, 17
What are the prime factors of 7400?
2, 5, 37
What are the prime factors of 36216?
2, 3, 503
List the prime factors of 13813.
19, 727
What are the prime factors of 1011?
3, 337
List the prime factors of 3813.
3, 31, 41
What are the prime factors of 14614?
2, 7307
List the prime factors of 1146.
2, 3, 191
List the prime factors of 60261.
3, 53, 379
List the prime factors of 377.
13, 29
List the prime factors of 1309.
7, 11, 17
List the prime factors of 13193.
79, 167
What are the prime factors of 1230?
2, 3, 5, 41
List the prime factors of 10508.
2, 37, 71
List the prime factors of 54005.
5, 7, 1543
List the prime factors of 2356.
2, 19, 31
What are the prime factors of 218?
2, 109
What are the prime factors of 87139?
13, 6703
List the prime factors of 3676.
2, 919
List the prime factors of 1889.
1889
List the prime factors of 485.
5, 97
What are the prime factors of 49793?
17, 29, 101
What are the prime factors of 3529?
3529
List the prime factors of 3870.
2, 3, 5, 43
What are the prime factors of 45588?
2, 3, 29, 131
What are the prime factors of 284?
2, 71
What are the prime factors of 4722?
2, 3, 787
List the prime factors of 45441.
3, 11, 17
What are the prime factors of 2750?
2, 5, 11
List the prime factors of 19781.
131, 151
What are the prime factors of 15039?
3, 557
What are the prime factors of 161902?
2, 13, 479
What are the prime factors of 7271?
11, 661
What are the prime factors of 8981?
7, 1283
List the prime factors of 34004.
2, 8501
List the prime factors of 353.
353
List the prime factors of 3449.
3449
List the prime factors of 16266.
2, 3, 2711
List the prime factors of 10845.
3, 5, 241
List the prime factors of 5855.
5, 1171
List the prime factors of 72993.
3, 29, 839
What are the prime factors of 11895?
3, 5, 13, 61
List the prime factors of 4709.
17, 277
What are the prime factors of 86176?
2, 2693
What are the prime factors of 1996?
2, 499
What are the prime factors of 288?
2, 3
What are the prime factors of 1785?
3, 5, 7, 17
What are the prime factors of 48216?
2, 3, 7, 41
List the prime factors of 60795.
3, 5, 7, 193
What are the prime factors of 16082?
2, 11, 17, 43
What are the prime factors of 1824?
2, 3, 19
What are the prime factors of 1092?
2, 3, 7, 13
List the prime factors of 880.
2, 5, 11
What are the prime factors of 3323?
3323
What are the prime factors of 19145?
5, 7, 547
What are the prime factors of 2230?
2, 5, 223
List the prime factors of 594.
2, 3, 11
List the prime factors of 712.
2, 89
List the prime factors of 833.
7, 17
List the prime factors of 34617.
3, 11, 1049
List the prime factors of 83318.
2, 41659
List the prime factors of 7206.
2, 3, 1201
List the prime factors of 6161.
61, 101
What are the prime factors of 4741?
11, 431
What are the prime factors of 4530?
2, 3, 5, 151
What are the prime factors of 2916?
2, 3
List the prime factors of 10934.
2, 7, 11, 71
What are the prime factors of 608?
2, 19
What are the prime factors of 21119?
7, 431
List the prime factors of 44086.
2, 7, 47, 67
What are the prime factors of 3757?
13, 17
What are the prime factors of 131058?
2, 3, 809
What are the prime factors of 25959?
3, 17, 509
What are the prime factors of 21216?
2, 3, 13, 17
List the prime factors of 217.
7, 31
What are the prime factors of 56664?
2, 3, 787
What are the prime factors of 3944?
2, 17, 29
List the prime factors of 356.
2, 89
What are the prime factors of 495?
3, 5, 11
List the prime factors of 59655.
3, 5, 41, 97
List the prime factors of 4954.
2, 2477
What are the prime factors of 6449?
6449
What are the prime factors of 15333?
3, 19, 269
List the prime factors of 72972.
2, 3, 2027
List the prime factors of 35918.
2, 17959
What are the prime factors of 129339?
3, 7, 2053
What are the prime factors of 247?
13, 19
What are the prime factors of 3954?
2, 3, 659
List the prime factors of 1644.
2, 3, 137
What are the prime factors of 616?
2, 7, 11
List the prime factors of 13058.
2, 6529
What are the prime factors of 35213?
23, 1531
List the prime factors of 30546.
2, 3, 1697
What are the prime factors of 2903?
2903
List the prime factors of 108081.
3, 4003
What are the prime factors of 1095?
3, 5, 73
List the prime factors of 4282.
2, 2141
List the prime factors of 343.
7
What are the prime factors of 257?
257
List the prime factors of 1568.
2, 7
What are the prime factors of 530?
2, 5, 53
List the prime factors of 32503.
32503
What are the prime factors of 2869?
19, 151
List the prime factors of 9714.
2, 3, 1619
What are the prime factors of 7963?
7963
List the prime factors of 704.
2, 11
What are the prime factors of 34591?
34591
List the prime factors of 982.
2, 491
What are the prime factors of 7372?
2, 19, 97
What are the prime factors of 7696?
2, 13, 37
List the prime factors of 9410.
2, 5, 941
What are the prime factors of 13285?
5, 2657
What are the prime factors of 57690?
2, 3, 5, 641
What are the prime factors of 4255?
5, 23, 37
List the prime factors of 15597.
3, 1733
What are the prime factors of 1196?
2, 13, 23
What are the prime factors of 3964?
2, 991
List the prime factors of 39920.
2, 5, 499
List the prime factors of 26343.
3, 2927
What are the prime factors of 131310?
2, 3, 5, 1459
What are the prime factors of 49934?
2, 24967
List the prime factors of 4982.
2, 47, 53
What are the prime factors of 102?
2, 3, 17
What are the prime factors of 100?
2, 5
What are the prime factors of 53429?
23, 101
List the prime factors of 27229.
73, 373
List the prime factors of 1465.
5, 293
List the prime factors of 64863.
3, 7207
List the prime factors of 116894.
2, 211, 277
List the prime factors of 43006.
2, 21503
What are the prime factors of 306?
2, 3, 17
What are the prime factors of 6477?
3, 17, 127
List the prime factors of 112934.
2, 56467
What are the prime factors of 2799?
3, 311
List the prime factors of 419.
419
List the prime factors of 92758.
2, 19, 2441
List the prime factors of 83.
83
List the prime factors of 2019.
3, 673
What are the prime factors of 33731?
89, 379
List the prime factors of 2050.
2, 5, 41
What are the prime factors of 57285?
3, 5, 19, 67
What are the prime factors of 729?
3
What are the prime factors of 2773?
47, 59
What are the prime factors of 7293?
3, 11, 13, 17
What are the prime factors of 24820?
2, 5, 17, 73
What are the prime factors of 4245?
3, 5, 283
List the prime factors of 12101.
12101
What are the prime factors of 392?
2, 7
What are the prime factors of 5275?
5, 211
What are the prime factors of 4287?
3, 1429
What are the prime factors of 9829?
9829
List the prime factors of 1121.
19, 59
List the prime factors of 23515.
5, 4703
List the prime factors of 2771.
17, 163
List the prime factors of 115468.
2, 28867
List the prime factors of 1389.
3, 463
What are the prime factors of 9988?
2, 11, 227
What are the prime factors of 99355?
5, 31, 641
What are the prime factors of 12083?
43, 281
What are the prime factors of 8516?
2, 2129
What are the prime factors of 928?
2, 29
What are the prime factors of 6843?
3, 2281
What are the prime factors of 87449?
157, 557
List the prime factors of 130022.
2, 65011
List the prime factors of 87245.
5, 17449
What are the prime factors of 4008?
2, 3, 167
List the prime factors of 816.
2, 3, 17
List the prime factors of 237.
3, 79
List the prime factors of 14561.
14561
List the prime factors of 6887.
71, 97
List the prime factors of 4330.
2, 5, 433
List the prime factors of 90043.
127, 709
What are the prime factors of 103?
103
What are the prime factors of 1000?
2, 5
List the prime factors of 20448.
2, 3, 71
List the prime factors of 90.
2,